) is divided by u.
6
Let w = 16 + -14. Suppose h - 105 = -u - w*u, -2*h + 35 = u. What is the remainder when u is divided by 13?
9
Suppose 0*g = -5*g + 105. What is the remainder when g is divided by 4 - 5/((-15)/6)?
3
What is the remainder when 6400/110 - (-2)/(-11) is divided by 15?
13
Let c(h) = -5*h - 24. Let b(o) = -3*o - 6. What is the remainder when c(-11) is divided by b(-5)?
4
Suppose 7*u - 310 + 9 = 0. Let x = 1 + 14. What is the remainder when u is divided by x?
13
Let q be (-159)/2*(-4 + 2). What is the remainder when (2/3)/(2/q) is divided by 18?
17
Let x = 29 + -13. Let d = -10 - -30. Calculate the remainder when 2/5 - (-912)/d is divided by x.
14
Let p be (-1)/(-2)*-4 - -2. Suppose -5*d - n = -0*n - 9, p = 3*d - 2*n - 8. What is the remainder when 4 is divided by d?
0
Calculate the remainder when 4/(-14) - (-254)/7 is divided by 8.
4
Let x = 31 + -29. Let o be ((-10)/(-4))/((-1)/2). Let p = o - -7. Calculate the remainder when x is divided by p.
0
Let z(m) = -m**2 - 20*m - 10. What is the remainder when z(-12) is divided by 22?
20
Suppose -19 = -6*u + 71. What is the remainder when 44 is divided by u?
14
Let x(j) = -6*j + 4*j - 4*j + j**2 + 5. What is the remainder when 14 is divided by x(6)?
4
Let v(j) = -j**2 - 4*j. Let a be v(-3). Calculate the remainder when (-33 - 4)*a/(-3) is divided by 13.
11
Suppose -2*c + a + 7 = -2*a, 25 = 5*a. Suppose 6*l = 3*l + 495. Suppose 4*h - 180 = -5*r, -3*r - h = 2*r - l. Calculate the remainder when r is divided by c.
10
Let q(r) = r**3 - 8*r**2 + 10*r + 11. Let u be q(8). Suppose -17 = -4*m + u. What is the remainder when 106 is divided by m?
25
Suppose -3 = -3*l + 3. Let d = 9 + l. Calculate the remainder when 41 is divided by d.
8
Suppose -5*f + 125 = -2*k, k + 2 = 7. Calculate the remainder when f is divided by 15.
12
Let q = 87 + -46. What is the remainder when q is divided by 7?
6
Let t = -31 + 44. What is the remainder when 51 is divided by t?
12
Suppose 2*t - 24 = l, t - 18 = -0*t + 2*l. Suppose -4*a + 2 = 14, -3*f + 129 = -5*a. Calculate the remainder when f is divided by t.
8
Let y(m) = m**2 + 8*m - 10. Calculate the remainder when y(5) is divided by 19.
17
Let u(o) = -49*o**3 - o**2. Let b = 15 + 2. Calculate the remainder when u(-1) is divided by b.
14
Suppose j + 9 + 0 = 0. Let c = j - -29. What is the remainder when (-2)/(2 - 232/114) is divided by c?
17
Calculate the remainder when 17 is divided by (-2)/(-3) + 19*5/15.
3
Let t = 8 + -9. What is the remainder when 12 + -2 - (1 + t) is divided by 4?
2
Suppose -d - 50 = 4*d. Calculate the remainder when (-86)/d + 12/30 is divided by 6.
3
Suppose -2*a = 5*v - 54, 20 = 3*v + 5*a - 20. Calculate the remainder when v is divided by 6.
4
Suppose 5*x - 69 = 2*x. Calculate the remainder when 49 - 2 - (-10)/(-5) is divided by x.
22
Let y = 112 + -102. Calculate the remainder when 97 is divided by y.
7
Let v(i) = i**2 - 8*i + 26. What is the remainder when v(8) is divided by ((-28)/8)/((-2)/4)?
5
Suppose -4*s = s. Suppose 3*a - 5 = 5*u, -u + 3*u + a = 9. Suppose s = -u*i + 1 + 127. What is the remainder when i is divided by 22?
20
What is the remainder when 37 is divided by 2/6 + (-392)/(-21)*1?
18
Let j = 24 - 11. Suppose -2 = -3*r + j, 5*r - 12 = u. Let q = 15 + -10. Calculate the remainder when u is divided by q.
3
Let r(m) = -m**2 + 20*m - 37. What is the remainder when r(16) is divided by 10?
7
Let g be 386/6 - 32/24. Suppose 0 = 8*x + g - 335. Suppose -3*z - 36 = -6*z. Calculate the remainder when x is divided by z.
10
Suppose 3*l + 2 = 20. Let x(b) = b**3 - 8*b**2 + b - 6. Let h be x(8). Let m = 2 + h. What is the remainder when l is divided by m?
2
Suppose 3*s + 3*m - 21 = 0, -3*s - 4*m - m = -25. Let i be (-4)/10 - (-2)/s. Let b(o) = o**2 - o + 11. What is the remainder when 31 is divided by b(i)?
9
Let j(t) = -2*t - 25. Let u(v) = v + 12. Let k(o) = 6*j(o) + 13*u(o). Let a = 41 - 12. What is the remainder when a is divided by k(4)?
9
Let i = -13 - -30. Suppose 0 = -4*o - 20, 5*g + o - 3*o = 625. Suppose -5*s + 182 = -4*f + 29, 0 = -4*s + 3*f + g. What is the remainder when s is divided by i?
16
Let t = 6 - -20. Let z = t + 3. Calculate the remainder when z is divided by 15.
14
Suppose 16 = -2*f + 3*f - 3*w, -4*f - 4*w - 16 = 0. Suppose -2*q = -f - 9. Suppose q*z - 11 = 54. Calculate the remainder when z is divided by 8.
5
Let v = -5 - -30. Suppose -2*s + 3*o + v = -53, 5*s = -o + 195. Calculate the remainder when s is divided by 14.
11
Let f = 94 - -3. Calculate the remainder when f is divided by 7.
6
Let u = 53 + -24. Let c = 82 + -66. What is the remainder when u is divided by c?
13
Suppose 5 + 1 = r. Suppose 22 = 2*p - r. Calculate the remainder when p is divided by 8.
6
Let h = 14 - 0. Suppose 3*f + 17 = -2*j + 60, -f = j - h. What is the remainder when 29 is divided by f?
14
Let l(r) = -r**3 + 4*r**2 + 2*r - 4. Let o be l(4). Suppose -q + 7 + o = 0. Calculate the remainder when 21 is divided by q.
10
Let s = -4 + 20. What is the remainder when 63 is divided by s?
15
Let s = 99 + -93. Calculate the remainder when 28 is divided by s.
4
Let u be (-1174)/(-2) - -1 - 3. Suppose -t - 3*t = l + u, 5*t - 3*l = -710. Let o = -103 - t. Calculate the remainder when o is divided by 22.
20
Let h = 9 + -4. Suppose 3*x = h*x - 36. Calculate the remainder when 69 is divided by x.
15
Let h(o) = 3*o + 8. Calculate the remainder when 151 is divided by h(1).
8
Calculate the remainder when 82 is divided by (-6)/((-124)/56 - -2).
26
Suppose -2*q + l + 31 = 0, -4*l - 27 = -3*q + 22. Suppose 5*z - 30 = -0. Calculate the remainder when q is divided by z.
3
Let h(r) = -2*r**3 + 3*r - 1. Let n(z) = z**3 + z**2 - 3*z + 1. Let s(w) = -3*h(w) - 4*n(w). Calculate the remainder when s(2) is divided by 2.
1
Let y = 66 + -3. What is the remainder when y is divided by 22?
19
What is the remainder when 9 is divided by 1 - -8*1/2?
4
Suppose 3*h + 7 = -4*t, -3*h = -0*h + 2*t + 11. Suppose -n + 33 = 5*k - 0*n, -5*k + 39 = -2*n. Let w = h + k. What is the remainder when w is divided by 2?
0
Suppose -41 = -3*u + 4*m, -4*m + 4 = -2*u + 26. What is the remainder when u is divided by 10?
9
Let t be (-2)/(-7) + (-66)/(-14). Let k(g) = g**3 - 5*g**2 + 7*g - 1. What is the remainder when k(t) is divided by 18?
16
Let n = 137 + -75. Suppose 5*o = 153 + n. Calculate the remainder when o is divided by 86/215 - (-146)/10.
13
Let g = -5 + 23. What is the remainder when 3*((-47)/(-3) + 2) is divided by g?
17
Suppose 0*q - 415 = -4*j + 3*q, 333 = 3*j + 5*q. Suppose -2*f - u + 50 = 3*u, 4*f = -5*u + j. What is the remainder when f is divided by 8?
5
Let q be 5 + 5/((-15)/6). Suppose -q*p - 148 = -5*d, p - 12 - 45 = -2*d. Let o = d + -14. What is the remainder when 44 is divided by o?
14
Let i(g) = g**2 + 13*g + 5. Let x be i(-13). Suppose q + 3*f - 22 = -0*f, -22 = -q + x*f. Let n = 12 - -53. What is the remainder when n is divided by q?
21
What is the remainder when 186/10 + 4/10 is divided by (-3)/(-4*(-12)/(-112))?
5
Suppose b + 3*p - 21 = 0, 2*p = -5*b + 5*p + 141. Calculate the remainder when 79 is divided by b.
25
Let d = -5 + 8. Suppose -5*z - 12 = -f, -5*f = -3*z - 14 - 2. Calculate the remainder when d/((-14)/(-4) - 2) is divided by f.
0
Suppose 8*r - 36 = 4*r. Let f(l) = 38*l + 1. Let o be f(-1). Let s = 54 + o. Calculate the remainder when s is divided by r.
8
Let q(l) = 4*l + 35. Calculate the remainder when 119 is divided by q(-5).
14
Suppose -4*a - 15 = -35. Suppose -a*q + 3*w = -7, -4*q = -q - 3*w - 3. Let p(h) = h**3 + 5*h**2 - 8*h - 8. What is the remainder when p(-6) is divided by q?
0
Suppose -2*l = 4*b - 188, 2*l = 2*b + 76 + 112. What is the remainder when l is divided by 19?
18
Let i(t) = t**2 + 2*t. Let b be -2*(-1)/(-5)*20. Let k = 23 + b. What is the remainder when k is divided by i(-4)?
7
Suppose -3*x = -5*r - 7, 0 = 4*x + r - 3 + 9. Calculate the remainder when 27 is divided by 126/(-9)*(0 + x).
13
Let z(s) = 2*s**2 - 3*s + 2. Suppose -16*w = -w - 465. Calculate the remainder when w is divided by z(3).
9
Suppose -9*r + 48 = -6*r. What is the remainder when 61 is divided by r?
13
Let h = 66 + -59. Calculate the remainder when h is divided by 4.
3
Suppose -40 = -0*x - 4*x. Suppose 5*c = -4*k + 77, 4*k - 6 + 14 = 0. Calculate the remainder when c is d